{"id":897,"date":"2022-08-04T10:21:38","date_gmt":"2022-08-04T10:21:38","guid":{"rendered":"https:\/\/didaktikos.es\/?post_type=product&#038;p=897"},"modified":"2023-09-18T14:46:12","modified_gmt":"2023-09-18T14:46:12","slug":"curso-b-t-m-jovenes-y-adultos-matrimonios-pago-mensual","status":"publish","type":"product","link":"https:\/\/didaktikos.es\/?product=curso-b-t-m-jovenes-y-adultos-matrimonios-pago-mensual","title":{"rendered":"Curso B.T.M.C. matrimonios &#8211; pago MENSUAL"},"content":{"rendered":"","protected":false},"excerpt":{"rendered":"<p>Curso de 3 a\u00f1os en formato intensivo para adultos y j\u00f3venes que estudian o trabajan y disponen de poco tiempo. Incluye asignaturas ministeriales, b\u00edblicas y teol\u00f3gicas con profesores cualificados y ampl\u00eda experiencia en la ense\u00f1anza. Cuando termines este curso adem\u00e1s de adquirir un gran n\u00famero de herramientas tambi\u00e9n te haremos entrega del t\u00edtulo privado que acredita que has aprobado nuestros curso B.T.M.C.<\/p>\n","protected":false},"featured_media":1737,"template":"","meta":{"site-sidebar-layout":"no-sidebar","site-content-layout":"page-builder","ast-site-content-layout":"full-width-container","site-content-style":"unboxed","site-sidebar-style":"unboxed","ast-global-header-display":"","ast-banner-title-visibility":"","ast-main-header-display":"","ast-hfb-above-header-display":"","ast-hfb-below-header-display":"","ast-hfb-mobile-header-display":"","site-post-title":"disabled","ast-breadcrumbs-content":"","ast-featured-img":"disabled","footer-sml-layout":"","theme-transparent-header-meta":"default","adv-header-id-meta":"","stick-header-meta":"","header-above-stick-meta":"","header-main-stick-meta":"","header-below-stick-meta":"","astra-migrate-meta-layouts":"set","ast-page-background-enabled":"default","ast-page-background-meta":{"desktop":{"background-color":"var(--ast-global-color-4)","background-image":"","background-repeat":"repeat","background-position":"center center","background-size":"auto","background-attachment":"scroll","background-type":"","background-media":"","overlay-type":"","overlay-color":"","overlay-opacity":"","overlay-gradient":""},"tablet":{"background-color":"","background-image":"","background-repeat":"repeat","background-position":"center center","background-size":"auto","background-attachment":"scroll","background-type":"","background-media":"","overlay-type":"","overlay-color":"","overlay-opacity":"","overlay-gradient":""},"mobile":{"background-color":"","background-image":"","background-repeat":"repeat","background-position":"center center","background-size":"auto","background-attachment":"scroll","background-type":"","background-media":"","overlay-type":"","overlay-color":"","overlay-opacity":"","overlay-gradient":""}},"ast-content-background-meta":{"desktop":{"background-color":"var(--ast-global-color-5)","background-image":"","background-repeat":"repeat","background-position":"center center","background-size":"auto","background-attachment":"scroll","background-type":"","background-media":"","overlay-type":"","overlay-color":"","overlay-opacity":"","overlay-gradient":""},"tablet":{"background-color":"var(--ast-global-color-5)","background-image":"","background-repeat":"repeat","background-position":"center center","background-size":"auto","background-attachment":"scroll","background-type":"","background-media":"","overlay-type":"","overlay-color":"","overlay-opacity":"","overlay-gradient":""},"mobile":{"background-color":"var(--ast-global-color-5)","background-image":"","background-repeat":"repeat","background-position":"center center","background-size":"auto","background-attachment":"scroll","background-type":"","background-media":"","overlay-type":"","overlay-color":"","overlay-opacity":"","overlay-gradient":""}}},"product_brand":[],"product_cat":[20],"product_tag":[],"class_list":{"0":"post-897","1":"product","2":"type-product","3":"status-publish","4":"has-post-thumbnail","6":"product_cat-matrimonios","7":"desktop-align-left","8":"tablet-align-left","9":"mobile-align-left","11":"first","12":"instock","13":"virtual","14":"purchasable","15":"product-type-simple"},"yoast_head":"<!-- This site is optimized with the Yoast SEO plugin v23.7 - https:\/\/yoast.com\/wordpress\/plugins\/seo\/ -->\n<title>Curso B.T.M.C. matrimonios - pago MENSUAL -<\/title>\n<meta name=\"description\" content=\"Curso de 3 a\u00f1os en formato intensivo para adultos y j\u00f3venes que estudian o trabajan y disponen de poco tiempo. Incluye asignaturas ministeriales, b\u00edblicas y teol\u00f3gicas con profesores cualificados y ampl\u00eda experiencia en la ense\u00f1anza. Cuando termines este curso adem\u00e1s de adquirir un gran n\u00famero de herramientas tambi\u00e9n te haremos entrega del t\u00edtulo privado que acredita que has aprobado nuestros curso B.T.M.C.\" \/>\n<meta name=\"robots\" content=\"index, follow, max-snippet:-1, max-image-preview:large, max-video-preview:-1\" \/>\n<link rel=\"canonical\" href=\"https:\/\/didaktikos.es\/?product=curso-b-t-m-jovenes-y-adultos-matrimonios-pago-mensual\" \/>\n<meta property=\"og:locale\" content=\"es_ES\" \/>\n<meta property=\"og:type\" content=\"article\" \/>\n<meta property=\"og:title\" content=\"Curso B.T.M.C. matrimonios - pago MENSUAL -\" \/>\n<meta property=\"og:description\" content=\"Curso de 3 a\u00f1os en formato intensivo para adultos y j\u00f3venes que estudian o trabajan y disponen de poco tiempo. Incluye asignaturas ministeriales, b\u00edblicas y teol\u00f3gicas con profesores cualificados y ampl\u00eda experiencia en la ense\u00f1anza. Cuando termines este curso adem\u00e1s de adquirir un gran n\u00famero de herramientas tambi\u00e9n te haremos entrega del t\u00edtulo privado que acredita que has aprobado nuestros curso B.T.M.C.\" \/>\n<meta property=\"og:url\" content=\"https:\/\/didaktikos.es\/?product=curso-b-t-m-jovenes-y-adultos-matrimonios-pago-mensual\" \/>\n<meta property=\"article:modified_time\" content=\"2023-09-18T14:46:12+00:00\" \/>\n<meta property=\"og:image\" content=\"https:\/\/didaktikos.es\/wp-content\/uploads\/2023\/06\/B.T.M.C.4.png\" \/>\n\t<meta property=\"og:image:width\" content=\"1080\" \/>\n\t<meta property=\"og:image:height\" content=\"1080\" \/>\n\t<meta property=\"og:image:type\" content=\"image\/png\" \/>\n<meta name=\"twitter:card\" content=\"summary_large_image\" \/>\n<script type=\"application\/ld+json\" class=\"yoast-schema-graph\">{\"@context\":\"https:\/\/schema.org\",\"@graph\":[{\"@type\":\"WebPage\",\"@id\":\"https:\/\/didaktikos.es\/?product=curso-b-t-m-jovenes-y-adultos-matrimonios-pago-mensual\",\"url\":\"https:\/\/didaktikos.es\/?product=curso-b-t-m-jovenes-y-adultos-matrimonios-pago-mensual\",\"name\":\"Curso B.T.M.C. matrimonios - pago MENSUAL -\",\"isPartOf\":{\"@id\":\"https:\/\/didaktikos.es\/#website\"},\"primaryImageOfPage\":{\"@id\":\"https:\/\/didaktikos.es\/?product=curso-b-t-m-jovenes-y-adultos-matrimonios-pago-mensual#primaryimage\"},\"image\":{\"@id\":\"https:\/\/didaktikos.es\/?product=curso-b-t-m-jovenes-y-adultos-matrimonios-pago-mensual#primaryimage\"},\"thumbnailUrl\":\"https:\/\/didaktikos.es\/wp-content\/uploads\/2023\/06\/B.T.M.C.4.png\",\"datePublished\":\"2022-08-04T10:21:38+00:00\",\"dateModified\":\"2023-09-18T14:46:12+00:00\",\"description\":\"Curso de 3 a\u00f1os en formato intensivo para adultos y j\u00f3venes que estudian o trabajan y disponen de poco tiempo. Incluye asignaturas ministeriales, b\u00edblicas y teol\u00f3gicas con profesores cualificados y ampl\u00eda experiencia en la ense\u00f1anza. Cuando termines este curso adem\u00e1s de adquirir un gran n\u00famero de herramientas tambi\u00e9n te haremos entrega del t\u00edtulo privado que acredita que has aprobado nuestros curso B.T.M.C.\",\"breadcrumb\":{\"@id\":\"https:\/\/didaktikos.es\/?product=curso-b-t-m-jovenes-y-adultos-matrimonios-pago-mensual#breadcrumb\"},\"inLanguage\":\"es\",\"potentialAction\":[{\"@type\":\"ReadAction\",\"target\":[\"https:\/\/didaktikos.es\/?product=curso-b-t-m-jovenes-y-adultos-matrimonios-pago-mensual\"]}]},{\"@type\":\"ImageObject\",\"inLanguage\":\"es\",\"@id\":\"https:\/\/didaktikos.es\/?product=curso-b-t-m-jovenes-y-adultos-matrimonios-pago-mensual#primaryimage\",\"url\":\"https:\/\/didaktikos.es\/wp-content\/uploads\/2023\/06\/B.T.M.C.4.png\",\"contentUrl\":\"https:\/\/didaktikos.es\/wp-content\/uploads\/2023\/06\/B.T.M.C.4.png\",\"width\":1080,\"height\":1080},{\"@type\":\"BreadcrumbList\",\"@id\":\"https:\/\/didaktikos.es\/?product=curso-b-t-m-jovenes-y-adultos-matrimonios-pago-mensual#breadcrumb\",\"itemListElement\":[{\"@type\":\"ListItem\",\"position\":1,\"name\":\"Portada\",\"item\":\"https:\/\/didaktikos.es\/\"},{\"@type\":\"ListItem\",\"position\":2,\"name\":\"Cursos BTMC y modalidades de pago\",\"item\":\"https:\/\/didaktikos.es\/?page_id=6\"},{\"@type\":\"ListItem\",\"position\":3,\"name\":\"Curso B.T.M.C. matrimonios &#8211; pago MENSUAL\"}]},{\"@type\":\"WebSite\",\"@id\":\"https:\/\/didaktikos.es\/#website\",\"url\":\"https:\/\/didaktikos.es\/\",\"name\":\"\",\"description\":\"\",\"potentialAction\":[{\"@type\":\"SearchAction\",\"target\":{\"@type\":\"EntryPoint\",\"urlTemplate\":\"https:\/\/didaktikos.es\/?s={search_term_string}\"},\"query-input\":{\"@type\":\"PropertyValueSpecification\",\"valueRequired\":true,\"valueName\":\"search_term_string\"}}],\"inLanguage\":\"es\"}]}<\/script>\n<!-- \/ Yoast SEO plugin. -->","yoast_head_json":{"title":"Curso B.T.M.C. matrimonios - pago MENSUAL -","description":"Curso de 3 a\u00f1os en formato intensivo para adultos y j\u00f3venes que estudian o trabajan y disponen de poco tiempo. Incluye asignaturas ministeriales, b\u00edblicas y teol\u00f3gicas con profesores cualificados y ampl\u00eda experiencia en la ense\u00f1anza. Cuando termines este curso adem\u00e1s de adquirir un gran n\u00famero de herramientas tambi\u00e9n te haremos entrega del t\u00edtulo privado que acredita que has aprobado nuestros curso B.T.M.C.","robots":{"index":"index","follow":"follow","max-snippet":"max-snippet:-1","max-image-preview":"max-image-preview:large","max-video-preview":"max-video-preview:-1"},"canonical":"https:\/\/didaktikos.es\/?product=curso-b-t-m-jovenes-y-adultos-matrimonios-pago-mensual","og_locale":"es_ES","og_type":"article","og_title":"Curso B.T.M.C. matrimonios - pago MENSUAL -","og_description":"Curso de 3 a\u00f1os en formato intensivo para adultos y j\u00f3venes que estudian o trabajan y disponen de poco tiempo. Incluye asignaturas ministeriales, b\u00edblicas y teol\u00f3gicas con profesores cualificados y ampl\u00eda experiencia en la ense\u00f1anza. Cuando termines este curso adem\u00e1s de adquirir un gran n\u00famero de herramientas tambi\u00e9n te haremos entrega del t\u00edtulo privado que acredita que has aprobado nuestros curso B.T.M.C.","og_url":"https:\/\/didaktikos.es\/?product=curso-b-t-m-jovenes-y-adultos-matrimonios-pago-mensual","article_modified_time":"2023-09-18T14:46:12+00:00","og_image":[{"width":1080,"height":1080,"url":"https:\/\/didaktikos.es\/wp-content\/uploads\/2023\/06\/B.T.M.C.4.png","type":"image\/png"}],"twitter_card":"summary_large_image","schema":{"@context":"https:\/\/schema.org","@graph":[{"@type":"WebPage","@id":"https:\/\/didaktikos.es\/?product=curso-b-t-m-jovenes-y-adultos-matrimonios-pago-mensual","url":"https:\/\/didaktikos.es\/?product=curso-b-t-m-jovenes-y-adultos-matrimonios-pago-mensual","name":"Curso B.T.M.C. matrimonios - pago MENSUAL -","isPartOf":{"@id":"https:\/\/didaktikos.es\/#website"},"primaryImageOfPage":{"@id":"https:\/\/didaktikos.es\/?product=curso-b-t-m-jovenes-y-adultos-matrimonios-pago-mensual#primaryimage"},"image":{"@id":"https:\/\/didaktikos.es\/?product=curso-b-t-m-jovenes-y-adultos-matrimonios-pago-mensual#primaryimage"},"thumbnailUrl":"https:\/\/didaktikos.es\/wp-content\/uploads\/2023\/06\/B.T.M.C.4.png","datePublished":"2022-08-04T10:21:38+00:00","dateModified":"2023-09-18T14:46:12+00:00","description":"Curso de 3 a\u00f1os en formato intensivo para adultos y j\u00f3venes que estudian o trabajan y disponen de poco tiempo. Incluye asignaturas ministeriales, b\u00edblicas y teol\u00f3gicas con profesores cualificados y ampl\u00eda experiencia en la ense\u00f1anza. Cuando termines este curso adem\u00e1s de adquirir un gran n\u00famero de herramientas tambi\u00e9n te haremos entrega del t\u00edtulo privado que acredita que has aprobado nuestros curso B.T.M.C.","breadcrumb":{"@id":"https:\/\/didaktikos.es\/?product=curso-b-t-m-jovenes-y-adultos-matrimonios-pago-mensual#breadcrumb"},"inLanguage":"es","potentialAction":[{"@type":"ReadAction","target":["https:\/\/didaktikos.es\/?product=curso-b-t-m-jovenes-y-adultos-matrimonios-pago-mensual"]}]},{"@type":"ImageObject","inLanguage":"es","@id":"https:\/\/didaktikos.es\/?product=curso-b-t-m-jovenes-y-adultos-matrimonios-pago-mensual#primaryimage","url":"https:\/\/didaktikos.es\/wp-content\/uploads\/2023\/06\/B.T.M.C.4.png","contentUrl":"https:\/\/didaktikos.es\/wp-content\/uploads\/2023\/06\/B.T.M.C.4.png","width":1080,"height":1080},{"@type":"BreadcrumbList","@id":"https:\/\/didaktikos.es\/?product=curso-b-t-m-jovenes-y-adultos-matrimonios-pago-mensual#breadcrumb","itemListElement":[{"@type":"ListItem","position":1,"name":"Portada","item":"https:\/\/didaktikos.es\/"},{"@type":"ListItem","position":2,"name":"Cursos BTMC y modalidades de pago","item":"https:\/\/didaktikos.es\/?page_id=6"},{"@type":"ListItem","position":3,"name":"Curso B.T.M.C. matrimonios &#8211; pago MENSUAL"}]},{"@type":"WebSite","@id":"https:\/\/didaktikos.es\/#website","url":"https:\/\/didaktikos.es\/","name":"","description":"","potentialAction":[{"@type":"SearchAction","target":{"@type":"EntryPoint","urlTemplate":"https:\/\/didaktikos.es\/?s={search_term_string}"},"query-input":{"@type":"PropertyValueSpecification","valueRequired":true,"valueName":"search_term_string"}}],"inLanguage":"es"}]}},"jetpack_sharing_enabled":true,"_links":{"self":[{"href":"https:\/\/didaktikos.es\/index.php?rest_route=\/wp\/v2\/product\/897","targetHints":{"allow":["GET"]}}],"collection":[{"href":"https:\/\/didaktikos.es\/index.php?rest_route=\/wp\/v2\/product"}],"about":[{"href":"https:\/\/didaktikos.es\/index.php?rest_route=\/wp\/v2\/types\/product"}],"version-history":[{"count":6,"href":"https:\/\/didaktikos.es\/index.php?rest_route=\/wp\/v2\/product\/897\/revisions"}],"predecessor-version":[{"id":1745,"href":"https:\/\/didaktikos.es\/index.php?rest_route=\/wp\/v2\/product\/897\/revisions\/1745"}],"wp:featuredmedia":[{"embeddable":true,"href":"https:\/\/didaktikos.es\/index.php?rest_route=\/wp\/v2\/media\/1737"}],"wp:attachment":[{"href":"https:\/\/didaktikos.es\/index.php?rest_route=%2Fwp%2Fv2%2Fmedia&parent=897"}],"wp:term":[{"taxonomy":"product_brand","embeddable":true,"href":"https:\/\/didaktikos.es\/index.php?rest_route=%2Fwp%2Fv2%2Fproduct_brand&post=897"},{"taxonomy":"product_cat","embeddable":true,"href":"https:\/\/didaktikos.es\/index.php?rest_route=%2Fwp%2Fv2%2Fproduct_cat&post=897"},{"taxonomy":"product_tag","embeddable":true,"href":"https:\/\/didaktikos.es\/index.php?rest_route=%2Fwp%2Fv2%2Fproduct_tag&post=897"}],"curies":[{"name":"wp","href":"https:\/\/api.w.org\/{rel}","templated":true}]}}